= -5*n - 4*p. Suppose n*w - 101 = 7. List the prime factors of w.
2, 3
Let q = 2549 + 2476. List the prime factors of q.
3, 5, 67
Suppose -6523 = -37*p + 26*p. List the prime factors of 7/((-49)/(-7))*p.
593
Let k(v) = v + 14. Let t be k(-15). Let x = t + 97. Let l = x + -53. What are the prime factors of l?
43
Suppose u + 0 = 3, -u - 3 = w. Let n(o) = -5*o**2 - 17*o + 4. Let j be n(w). Let c = 157 + j. List the prime factors of c.
83
Suppose 0 = o + 3, -o + 2 = 3*q + 5. Suppose q = -9*d + 10*d - 1, 1204 = u + 5*d. List the prime factors of u.
11, 109
What are the prime factors of (-420921)/(-24) + 85/136?
17539
What are the prime factors of 1*-3318*188/(-141)?
2, 7, 79
Let i(w) = 5*w**3 - 32*w**2 - 3*w + 95. Let v(c) = -3*c**3 + 21*c**2 + 2*c - 63. Let b(o) = -5*i(o) - 8*v(o). List the prime factors of b(-10).
239
Suppose -14 + 4 = 5*w, 5*d + 800 = 5*w. Let a = d - -1200. List the prime factors of a.
2, 3, 173
Let p = -3724 + 4327. List the prime factors of p.
3, 67
Suppose 3*g = 5*p - 2*g, -2*g + 8 = 0. Suppose 4*i - 160 = -5*x - i, -4*x + p*i + 96 = 0. Let n = x + 20. List the prime factors of n.
2, 3
Let v = -32 - -36. Suppose 2*z - v = z. Suppose 0 = -3*x - z*c + 27, 3*c + 4 = 3*x - 2. List the prime factors of x.
5
Suppose 10 = 2*a, -29*a - 16510 = 5*z - 28*a. Let c = -1809 - z. List the prime factors of c.
2, 3, 83
Let f(x) = -x**3 + 3*x**2 + 4*x + 4. Let u(v) = v - 10. Let y be u(14). Let i be f(y). Suppose -p + 1470 = i*p. List the prime factors of p.
2, 3, 7
Let v = -7739 - -7665. Let y(p) = 24*p - 2. Let l be y(-2). Let m = l - v. What are the prime factors of m?
2, 3
Suppose -4470*l + 947177 = -4393*l. What are the prime factors of l?
12301
Let f(a) = -15*a**3 + 11*a**2 - 6*a + 25. Let p be f(7). Let z = -2668 - p. What are the prime factors of z?
5, 17, 23
Suppose -4*a - 5*k = 56, -3*a + 4*k = 8*k + 43. Let w(n) = -45*n - 40. List the prime factors of w(a).
5, 73
Let w(q) = 90*q**3 + 43*q**2 - 15*q - 14. What are the prime factors of w(5)?
2, 7, 19, 23
Let k be 0/(4 + 1 + -4). Suppose k = 23*m + 8*m - 2821. List the prime factors of m.
7, 13
Suppose j + 237 = -4*r, -252 = 4*r - 5*j + j. List the prime factors of (-10)/(r/42) - -240.
13, 19
Suppose -4 = 4*c - 4*f - 8, c + 11 = -2*f. Let x(m) = -2*m + 9 - 4 - 4*m. List the prime factors of x(c).
23
Let r(v) = 16*v**3 + 26*v**2 - 256*v - 31. What are the prime factors of r(9)?
5, 2287
Let c be (-5 - -11)*(-1)/(-2). Let p be (-17)/(-51) - (-14)/c. Suppose b - 2*z - 302 = -3*b, -p*b + 382 = -4*z. List the prime factors of b.
2, 37
Let f(h) = 102*h - 52*h + 271 - 45*h. List the prime factors of f(34).
3, 7
Let j(o) = 3*o - 22. Let s(i) = 2*i**2 + 3*i + 4. Let k be s(-2). Let a be j(k). What are the prime factors of (-234)/a - (4 + 9/(-2))?
59
Let b(h) = -h**3 - 32*h**2 + 33*h + 4. Let n be b(-33). Suppose 0 = 3*t - 3*m - 1203, 7*t + n*m = 3*t + 1628. What are the prime factors of t?
2, 101
Let s(c) = 78*c**2 + 2*c - 2. Let h be s(1). Suppose 14*u + h = 17*u. Suppose -3*f = 4*y - 114, 5*f + y + u = 199. List the prime factors of f.
2, 17
Let a(u) = u**2 - 11*u - 29. Let k be a(13). Let w be (1*(-1)/k)/(13/78). Suppose 4*f - 8*o = -4*o + 672, -524 = -3*f - w*o. What are the prime factors of f?
2, 43
Suppose -3*s - 7 + 16 = 0. Let a(u) = u**s + 13*u**2 + 5 - 19 - 9 - 12*u. What are the prime factors of a(-13)?
7, 19
Suppose -30*d + 9603 = -1767. Suppose 0 = -8*u + 2773 + d. What are the prime factors of u?
2, 197
Let z(a) = -544*a**3 - 4*a**2 + 2*a + 10. What are the prime factors of z(-3)?
2, 229
Let j = -2013 + 2031. What are the prime factors of j?
2, 3
Let q = -96 + 86. List the prime factors of -4*(1095/q + 4).
2, 211
Let s(p) = 2*p**2 - 7*p - 16. Let k be s(5). What are the prime factors of -2 - 1 - (k - 1)*90?
3, 59
Let j(c) = 2*c**2 - 47*c - 70. Let z be j(25). Let w(x) = 17*x**2 - x + 27. List the prime factors of w(z).
3, 149
Suppose 0 = 2*j + 4*t - 398, 3*j = -3*t + 4*t + 625. Suppose -2*b - j = -3*y + 73, 20 = 5*b. Suppose -y = -0*h - h. List the prime factors of h.
2, 3
Let q(v) = -301*v + 23. Let p(i) = 1504*i - 115. Let w(b) = -2*p(b) - 11*q(b). What are the prime factors of w(4)?
29, 41
Let c be (2992/(-12))/((-2)/12). Suppose -2*s - 3*f + 1009 = 0, s + f = -2*s + c. Suppose s = 3*w + 4*w. What are the prime factors of w?
71
List the prime factors of 72945/15*65/15.
13, 1621
Let t = -441 + 471. What are the prime factors of -6 - (-192)/t - (-3086)/10?
3, 103
Suppose -21*v = -52099 - 175709. List the prime factors of v.
2, 3, 113
What are the prime factors of 23355 + 10*(-2 + 9 + -8)?
5, 7, 23, 29
Let q(y) = -334*y + 224. What are the prime factors of q(0)?
2, 7
Let y(j) = j**3 + 24*j**2 + 19*j - 7. Let x be y(-23). What are the prime factors of 1/(-2)*(x + -1623)?
769
Suppose 0 = -175*s - 32*s - 44*s + 8712461. What are the prime factors of s?
103, 337
Suppose 0 = -11*m + 10*m. Suppose 8*g - 5*g + 9 = m. What are the prime factors of ((-3)/(g/(-8)))/(4/(-36))?
2, 3
What are the prime factors of (119/(-2))/(3/(-7) - 10344/(-24528))?
7, 17, 73
Suppose -47*m + 1628 = -10*m. Let b(y) = 5*y**3 + 2*y**2 - 1. Let z be b(-1). Let r = m + z. What are the prime factors of r?
2, 5
Let c = -124 + 127. Suppose 4*d + c*y - 240 = 255, 0 = 3*d + y - 365. Suppose -3*f + 0*f = 2*k - 102, 3*f = 4*k + d. What are the prime factors of f?
2, 3
Let g(y) = 3*y**2 - 3*y + 6. Let u be g(3). Let d(t) = -t**2 + 29*t + 39. What are the prime factors of d(u)?
3, 53
Suppose 0*i = -i - 3. Let c(s) = -25*s**3 + 7*s**2 - 12*s + 6. Let a(u) = 6*u**3 - u**2 + u - 1. Let v(x) = -5*a(x) - c(x). List the prime factors of v(i).
5, 19
Suppose -5*n - 25 = 0, 21*c - 17*c + n - 57671 = 0. What are the prime factors of c?
14419
Let t(x) = x**3 - 13*x**2 - 14*x + 26. Let j be t(14). Suppose -2525 + 16643 = j*l. List the prime factors of l.
3, 181
What are the prime factors of -4701*((-159)/265)/(6/20)?
2, 3, 1567
Let y be 119*(-4)/((-4)/(-3)). Let n be (-1007)/(-57) + -18 + 146/(-3). List the prime factors of (-149)/(-7) - (-7 + y/n).
3, 7
Suppose z + 3*r = 4, 3*r - 3 = 2*r. List the prime factors of 2625/150*(-368)/z.
2, 7, 23
List the prime factors of ((-94278)/21)/(-19) + 6/(-21).
2, 59
Let r = 7 + 2. Let q = r + -5. Suppose -3*y = 3*g - 255, -340 = -4*g - 0*y + q*y. List the prime factors of g.
5, 17
Let y be (1 - -1) + 418/(-11). Let w be (-3)/4*y/9. Suppose 3*a - 159 = w. What are the prime factors of a?
2, 3
Let k(u) = 24*u + 161. Let x(r) = -4*r + 2. Let q(g) = k(g) + 2*x(g). List the prime factors of q(3).
3, 71
Suppose 39*a - 42*a = -3*x - 67038, -3*x - 156442 = -7*a. What are the prime factors of a?
7, 31, 103
Suppose -26*h + 47773 + 126158 = -53309. What are the prime factors of h?
2, 5, 19, 23
Suppose 6*z + 106*u - 220200 = 109*u, -z = 5*u - 36689. List the prime factors of z.
3, 13, 941
Suppose -4*p = w + 2, -50*w + 5*p = -47*w + 57. List the prime factors of ((-18)/w)/(-3) - (-26229)/147.
2, 89
Let i(o) = -5*o + 27 - 13*o + 2*o**2 + 5*o. Suppose -2*t - 16 = -5*k + 27, k - 14 = -5*t. What are the prime factors of i(k)?
2, 3
Let v = 58181 - 39362. What are the prime factors of v?
3, 17, 41
Suppose 14428 = x - 5*r + 4431, 4 = 4*r. What are the prime factors of x?
2, 3, 1667
Suppose -83580 = -3*l - 2*f, -4*l - 45*f = -40*f - 111440. What are the prime factors of l?
2, 5, 7, 199
Suppose -y - y - 19 = 5*n, 5*y - 5*n = 40. Let h be ((-34)/4)/(y/18*-3). Suppose 20*a - 57 = h*a. List the prime factors of a.
19
What are the prime factors of 1728704/36 + (-224)/(-504)?
2, 5, 7
Suppose -20*j + 36*j = 19*j. Suppose j = -9*l - 26*l + 20055. What are the prime factors of l?
3, 191
Let q(x) = -x**3 - x**2 - 2*x + 12. Let h be q(0). Suppose 2*n - h*n = -1180. Suppose -433 + n = -3*t. List the prime factors of t.
3, 5, 7
Let n(a) be the second derivative of -a**4/3 + 10*a**3/3 + 2*a**2 - 5*a. Let i be n(-5). Let k = 31 - i. List the prime factors of k.
227
Let y be (-4347)/(-28) + 1/(-4). Let d(i) = i**3 + 13*i**2 + 39*i + 7. Let o be d(-10). Let x = y + o. What are the prime factors of x?
2, 3
Let z = 536 - 25. Let v be 3/(-2) + 2*(-2001)/12. Let o = v + z. What are the prime factors of o?
2, 11
Let t = 2490 - 2025. What are the prime factors of t?
3, 5, 31
Suppose -33*u = -538337 + 171311. What are the prime factor